What is 3 - -1 - (52 + -68 + 2)?
18
(0 - (26 - 79)) + -6 + 19 + -7
59
Calculate -13 + (-10 + -1 - -9) + -12 + 4 + -3.
-26
What is 6 + ((6 - 1) + 24 + -20 + -15 - -13)?
13
What is the value of -6 + 25 + (-10 + 10 - 50)?
-31
What is the value of -87 + 72 + -47 + 3?
-59
Calculate 28 + 10 - (-8 - -13).
33
-54 - 11 - ((58 - 4) + -69)
-50
What is (2 - (-1 - (-2 + 0)) - 37) + (-74924 - -74915)?
-45
Calculate (4 - 2) + (-392 - -413).
23
What is -31 + 18 + 44 + 14 - -4?
49
Evaluate -12 + -20 + 104 - (3 + 35 + -17).
51
Calculate (55 - (12 + 14)) + (-4 - -12).
37
What is 3 + 25 - (-7 + -6 + (17 - 9)) - -2?
35
-58 + -2 - ((12 - 41) + 26 - (-1 - -8))
-50
145 - 137 - (1 - 52)
59
What is 60 - 8 - (61 - (8 - -39))?
38
Evaluate -101 - -110 - (-4 + -1 + (6 - (-6 + -4))).
-2
Evaluate (0 - (35 - 10)) + 9 + -23.
-39
What is -4 + 24 + -17 - -6 - (-15 + 0)?
24
Calculate (2335 - 2403) + -1 + (0 - 25).
-94
What is the value of (-52 - (3 + -2 + 4 + -7)) + 0 + 6?
-44
-53 + -32 + -4 + 76 + (3 - 2)
-12
Evaluate (13 - (-1 + -5) - (92 + -70)) + 39.
36
Calculate 126 + -40 + -36 + 1.
51
Calculate (0 - 6) + 10 + -8 + (-747 - -761) + 56.
66
Evaluate 75 - -50 - 41 - 47.
37
7 + (0 - (-1 + 6)) + (-22 - -40)
20
Evaluate (-8 - -70) + (-2 - (-1 + (-13 - -7))).
67
1 - 6 - (-200 - -208 - (0 + 17))
4
Evaluate -37 + 9 + 57 + 28.
57
Calculate 10 - (3 + (13 - (10 - 3))) - -8.
9
81 + -207 - (-23 - (-7 + -10))
-120
Evaluate -3 + 0 + 6 + (-57 - -18 - -37).
1
Evaluate (-27 - 79) + 52 + 20 + (-2 - -1 - -1).
-34
What is 52 + -118 - -102 - 99?
-63
What is the value of 75 - 41 - -30 - 50?
14
26 - (66 - (-52 + 107))
15
What is 122 - (-11 + -68) - 136?
65
Evaluate (36 + -15 - (13 + 3) - (-59 + 7)) + -5.
52
What is 10 - (-11 + -2 + 12) - (100 - 20)?
-69
28 + (-53 + 23 + -5 - 33)
-40
What is -15 - (-12 - -21) - (1 + 70) - 15?
-110
What is (23 - 33) + (-1 - 20) + 13 + (-7 - 6)?
-31
What is the value of 19 + -1 - (1523 + -1428)?
-77
What is the value of 77 + -81 - ((13 - -21) + 13 + (1 - -1))?
-53
What is -14 - -16 - (29 + (55 - -24) - (0 - -3))?
-103
Evaluate 88 + 81 + (-84 - -8).
93
What is the value of 5 + -101 + (-15 + 22 - -23)?
-66
What is the value of (-14 - (-5 - (15 + (1 - 34)))) + -3?
-30
What is the value of -18 + 13 - (-5 + -11) - (22 + -49)?
38
What is -6 + -58 + 26 + 2 + (-2 - -7)?
-31
What is -7 + (189 - (-19 - -55)) - 36?
110
What is 43 - (25 - (-27 + 39)) - (-8 + 0)?
38
Evaluate 0 - 69 - ((-64 - -24 - -106) + -54).
-81
What is the value of -160 - (1 + -14 + (589 - 620))?
-116
What is -50 + 38 + 47 + (-5 - (17 - -1))?
12
Evaluate 54 - -59 - (119 - 62).
56
What is -18 + 11 - ((-32 - -11) + 7 - (1 + 1))?
9
Calculate -1 + (-54 - -1 - 5) - (45 - 52).
-52
What is the value of (-28 - -11) + 34 + -4 + -15 + -74?
-76
Evaluate (19 - -38 - 25) + -28.
4
Evaluate -1 - 39 - (-63 + 10 + 40 - (-8 - 3)).
-38
Calculate 16 + -4 - 1 - (413 - 359).
-43
What is the value of (47 + -22 - 142 - 37) + -2 + 26?
-130
What is the value of -2 + -27 + (-26 - -75) + -28 - (2 - 11)?
1
What is -24 - (-27 - 30) - 34?
-1
What is the value of (-1810 - -1827) + (5 - 96)?
-74
What is the value of 13 - (-61 + 59 - (2 - 25))?
-8
Calculate 9 + (-8 - -23 - 42) - -17.
-1
What is the value of 0 + -5 + -2 + (28 - -41 - (41 - -3))?
18
(-2 - -1) + -96 + 103 + (-8 - -9)
7
-99 + 37 + 55 - (45 - (3 + (-4 - -1)))
-52
What is the value of 2 + 23 - (4 + (60 - 98))?
59
22 - 12 - (2 + 0) - (66 - -6 - 1)
-63
What is the value of -88 + (77 - 21 - -15)?
-17
Evaluate -44 + 89 + -5 + (-50 - -35).
25
What is 22 + 22 - 69 - -12?
-13
Evaluate -78 + 205 - (-15 + 104).
38
Calculate 392 + -406 + (1 - -12) - (-29 + 81).
-53
What is (4 - -28) + (-551 - -508)?
-11
What is 6 + (107 - -27) + -10 + 10?
140
(1 + 0 - 0) + (86 - 317) + 195
-35
Evaluate (0 - (-36 + 1)) + 7.
42
Evaluate (42 - 17) + 1 + -9 + -101.
-84
Calculate -46 + -1 - (25 - -1 - (-1701 - -1711)).
-63
What is -2 + 15 + -62 + 31 + -67?
-85
Evaluate 18 + (-23 - -22) + -40 + -22.
-45
Evaluate -14 + -3 + 5 + 29 + -28.
-11
What is -73 - 32 - -27 - -19?
-59
What is the value of (7 - -6) + (1 - -13) - (-1 + -9 + -2)?
39
What is the value of (1 - 14) + (-2865 - -2863 - (-2 + (3 - 1)))?
-15
What is the value of (5 - -4 - 0) + (10 + (29 - 12) - 127)?
-91
What is the value of 20 + 9 + (0 - 23) + (7 - -10)?
23
Evaluate -3 + 40 + (3 - 5) + 33 + -25.
43
What is the value of 408 + -416 + -65 + -19?
-92
What is 1 - 19 - ((104 - 41) + -76)?
-5
What is the value of 90 - (-11 - (-23 - (-82 - -92 - (-1 - -21))))?
88
Calculate -2 - -11 - (10 + -10 + 20 + -33).
22
What is (47 + -3 - 3) + -1 - (-917 + 899)?
58
Calculate 0 + (111 - 31) - (-17 + 15).
82
Evaluate 18 + -18 + (-2 + 17 - 15) + -109 + -1.
-110
What is (-40 - 6) + 32 + 7 + -80?
-87
What is the value of (-3 + -8 - -37) + 12 + -11 + 0 + 7?
34
Calculate 7 + -15 + 75 + 2 - (0 - -2).
67
What is -40 - (-12 - (-2 + -1) - -6 - (-23 - -30))?
-30
Calculate 7 + 0 + 549 + -619 + -1.
-64
-6 - ((-17 - 2) + (397 - 359))
-25
78 + 0 + 6 + (-12 - (-76 - -49))
99
What is the value of 7 + 74 + 5 - (-5 + -6)?
97
Evaluate 2 + 22 - (4941 + -4935).
18
Calculate (-50 - 8) + 57 + 5.
4
Evaluate 56 - (-60 - (1 - 13)).
104
What is 143 - 196 - (13 - 95)?
29
What is the value of -93 + 79 - (92 + (-4 - 7) + 7)?
-102
Calculate -109 + 63 - 6 - -76.
24
-11 - (28 + -67) - (-7 - -35)
0
What is -89 + (210 - 246) + 25 + -1?
-101
What is (41 + -4 - 3 - (-8 - -12) - -7) + 7?
44
(-110 - -67) + (24 - 0) + 16 - (-2 + 75)
-76
55 + (-1 - 76) + 2
-20
24 - (3 - (-3 + (1 - 13) + 9))
15
7 + -2 + 0 + 1 + -35 + -31 + -1
-61
What is the value of -107 + 202 - ((0 - (-2 + -5 + 7)) + -3)?
98
Evaluate 6 + 5 - (-23 + 59 + -24) - (6 - -79).
-86
What is the value of (95 - 73) + 60 + (20 - 22)?
80
What is 33 - (1 + (-8 - -20 - -3))?
17
What is 7 - (7 + 14 + 4 + -7 + -12)?
1
21 + (82 - (-23 - (-30 + -13)))
83
What is -15 + (-30 - -41) + 11 + -94?
-87
Calculate -2 + -47 - 19 - -19 - -23.
-26
What is -86 - (71 + -149 - -80)?
-88
What is 18 - (26 + -32) - (44 - 10)?
-10
Calculate 6 + -1 - (-519 - -568).
-44
What is the value of 5 - ((-52 + 52 - (12 + 1)) + -41)?
59
Calculate 1804 - 1826 - (0 - 59).
37
(83 - (3 + (-9 - -2))) + (45 - (25 + 10))
97
What is -7 - (-8 + 4) - ((40 - -3) + 31)?
-77
What is -1 + 33 + (-503 - -450) + 0 + -7?
-28
What is 16 + -28 + -4 + 13 + 7 + -4?
0
What is -3 - -87 - (-25 - -98)?
11
Calculate 10 - (-4 + -10) - (30 - -9 - -37).
-52
Evaluate (-43 - (2 - 1)) + 95 + -438 + 334.
-53
Evaluate -32 + 78 + -4 + -31 - (-10 + 5 - -48).
-32
Calculate -721 - -686 - (-14 - 108).
87
What is (-1547 - -1582) + (-134 - -1) + -6 + 0?
-104
40 + 2 - ((22 - -5) + -20 + 5)
30
What is the value of -1 + 2 + 30 - (6156 - 6148)?
23
-79 - (-112 - (113 - 108))
38
What is the value of (-1 - -7) + -13 + -3 - (54 - (2 + 4))?
-58
What is (-6 - -29 - -3) + (57 - 34)?
49
What is (6 - (-102 + 62)) + -14?
32
Evaluate -40 + (29 - (14 + 2)) + (-24 - 2).
-53
What is the value of (21 + 6 - 9) + -8 - (-14 - 6)?
30
Calculate (109 - 141) + 70 + -17.
21
19 - 0 - (-8 - (-12 + -65))
-50
What is the value of (-17 - (19 - 5 - (-1 + 37))) + -12?
-7
What is -3 + (15 - (-4 + 13 - 3))?
6
Calculate -23 - (-54 - (-30 - (-29 + 7))).
23
What is 91 - ((12 - 18) + 31)?
66
Calculate -44 - (-20 - -2 - 33) - 127.
-120
134 - (-17 + 172) - (0 + -3 + 5 - 7)
-16
-74 - -12 - -25 - 4 - -25
-16
What is 26 + -103 + 27 + 61?
11
What is -15 - -4 - (17 - 17) - -8?
-3
Evaluate -16 - (33 + -16 + -4 + 7).
-36
Evaluate 59 + 0 + -3 + (35 - 22 - (55 - 31)).
45
Evaluate (0 - -1) + 3 + 2 + -19 + (2 - -69).
58
-4 + (-172 + 190 - (-1 + 3))
12
Calculate 1 + 153 + (-8 - (-38 + 102 + -53)).
135
What is 5 - (7 + -4 - (16 - 8))?
10
-1 + 17 + (32 - 14) + (4 - 6) + 8
40
What is the value of 12 + 58 + -31 + -13 + 3 + -2?
27
What is -38 + 1 + 8 + (31 - 52 - -8)?
-42
-47 + 12 + (34 - 22 - 2)
-25
What is the value of -116 + (193 - -31) - (19 + -3 - 2)?
94
What is (35 - (91 - 41)) + 40?
25
52 + 21 + -71 - (-2 + 28 + -7)
-17
2 - 3 - (8 + 31) - (20 + 61 + -69)
-52
What is the value of 5 - (1 + 63) - (-6 + 18 - (22 - 0))?
-49
Evaluate 127 + -8 + -1 + 0.
118
What is the value of -30 + (22 - (-42 - (-64 - 21)))?
-51
-38 + (13 + -3 - 8) + -8 + 12
-32
What is the value of (6 - 16) + (28 - 38) + -5?
-25
What is the value of -5 + 5 + -114 + -1 - (-6 + -3)?
-106
1 + (15 + (4 - -7) - -19)
46
(-6